 remainder when 36 is divided by 17.
2
Calculate the remainder when 144 is divided by 26.
14
Calculate the remainder when 534 is divided by 141.
111
Calculate the remainder when 338 is divided by 10.
8
What is the remainder when 5489 is divided by 90?
89
What is the remainder when 11672 is divided by 26?
24
Calculate the remainder when 1324 is divided by 83.
79
Calculate the remainder when 769 is divided by 9.
4
What is the remainder when 1638 is divided by 74?
10
Calculate the remainder when 233 is divided by 129.
104
What is the remainder when 15 is divided by 1?
0
Calculate the remainder when 783 is divided by 56.
55
Calculate the remainder when 1315 is divided by 47.
46
Calculate the remainder when 896 is divided by 18.
14
Calculate the remainder when 269 is divided by 53.
4
What is the remainder when 2475 is divided by 21?
18
What is the remainder when 240 is divided by 7?
2
Calculate the remainder when 6406 is divided by 6.
4
Calculate the remainder when 548 is divided by 29.
26
What is the remainder when 2668 is divided by 178?
176
Calculate the remainder when 243 is divided by 81.
0
What is the remainder when 1335 is divided by 436?
27
Calculate the remainder when 103 is divided by 7.
5
Calculate the remainder when 245 is divided by 62.
59
What is the remainder when 264 is divided by 54?
48
Calculate the remainder when 585 is divided by 90.
45
What is the remainder when 680 is divided by 40?
0
What is the remainder when 6867 is divided by 68?
67
Calculate the remainder when 412 is divided by 52.
48
What is the remainder when 148 is divided by 73?
2
What is the remainder when 3074 is divided by 140?
134
Calculate the remainder when 532 is divided by 49.
42
Calculate the remainder when 1036 is divided by 255.
16
Calculate the remainder when 268 is divided by 131.
6
What is the remainder when 1111 is divided by 80?
71
What is the remainder when 66 is divided by 19?
9
What is the remainder when 384 is divided by 21?
6
Calculate the remainder when 8320 is divided by 72.
40
Calculate the remainder when 1369 is divided by 206.
133
What is the remainder when 1320 is divided by 59?
22
What is the remainder when 2011 is divided by 157?
127
Calculate the remainder when 73 is divided by 22.
7
Calculate the remainder when 215 is divided by 99.
17
Calculate the remainder when 7968 is divided by 190.
178
Calculate the remainder when 8 is divided by 2.
0
What is the remainder when 7895 is divided by 100?
95
Calculate the remainder when 2429 is divided by 128.
125
What is the remainder when 1428 is divided by 694?
40
Calculate the remainder when 31 is divided by 20.
11
Calculate the remainder when 772 is divided by 87.
76
What is the remainder when 912 is divided by 153?
147
What is the remainder when 740 is divided by 34?
26
What is the remainder when 194 is divided by 7?
5
What is the remainder when 198 is divided by 48?
6
Calculate the remainder when 410 is divided by 22.
14
What is the remainder when 4711 is divided by 131?
126
What is the remainder when 254 is divided by 120?
14
Calculate the remainder when 142 is divided by 76.
66
What is the remainder when 2624 is divided by 35?
34
What is the remainder when 165867 is divided by 19?
16
Calculate the remainder when 1199 is divided by 120.
119
Calculate the remainder when 183 is divided by 105.
78
What is the remainder when 79 is divided by 72?
7
Calculate the remainder when 730 is divided by 182.
2
What is the remainder when 361 is divided by 121?
119
Calculate the remainder when 1491 is divided by 249.
246
Calculate the remainder when 6868 is divided by 981.
1
Calculate the remainder when 558 is divided by 20.
18
Calculate the remainder when 45670 is divided by 44.
42
Calculate the remainder when 684 is divided by 18.
0
Calculate the remainder when 26 is divided by 10.
6
Calculate the remainder when 613 is divided by 186.
55
What is the remainder when 391 is divided by 40?
31
Calculate the remainder when 93 is divided by 16.
13
What is the remainder when 701 is divided by 19?
17
What is the remainder when 3538 is divided by 118?
116
Calculate the remainder when 3294 is divided by 365.
9
Calculate the remainder when 337 is divided by 106.
19
What is the remainder when 204 is divided by 104?
100
What is the remainder when 1103 is divided by 69?
68
Calculate the remainder when 274 is divided by 25.
24
Calculate the remainder when 8257 is divided by 59.
56
Calculate the remainder when 57 is divided by 33.
24
What is the remainder when 313 is divided by 9?
7
What is the remainder when 161 is divided by 27?
26
What is the remainder when 2318 is divided by 37?
24
Calculate the remainder when 1885 is divided by 31.
25
What is the remainder when 137 is divided by 48?
41
What is the remainder when 77 is divided by 34?
9
Calculate the remainder when 433 is divided by 34.
25
What is the remainder when 10588 is divided by 17?
14
Calculate the remainder when 5961 is divided by 14.
11
What is the remainder when 1194 is divided by 4?
2
What is the remainder when 210 is divided by 46?
26
What is the remainder when 2087 is divided by 29?
28
Calculate the remainder when 5053 is divided by 13.
9
What is the remainder when 934 is divided by 712?
222
Calculate the remainder when 221 is divided by 23.
14
Calculate the remainder when 3707 is divided by 1843.
21
What is the remainder when 36 is divided by 7?
1
What is the remainder when 42 is divided by 10?
2
What is the remainder when 13948 is divided by 186?
184
Calculate the remainder when 4831 is divided by 20.
11
What is the remainder when 283 is divided by 48?
43
Calculate the remainder when 181 is divided by 39.
25
Calculate the remainder when 32 is divided by 11.
10
Calculate the remainder when 200 is divided by 7.
4
Calculate the remainder when 2986 is divided by 60.
46
What is the remainder when 6806 is divided by 15?
11
Calculate the remainder when 2155 is divided by 144.
139
What is the remainder when 1296 is divided by 87?
78
Calculate the remainder when 147 is divided by 24.
3
Calculate the remainder when 3855 is divided by 162.
129
What is the remainder when 423 is divided by 42?
3
Calculate the remainder when 2176 is divided by 722.
10
What is the remainder when 65 is divided by 23?
19
Calculate the remainder when 182 is divided by 19.
11
What is the remainder when 2323 is divided by 122?
5
What is the remainder when 356 is divided by 46?
34
What is the remainder when 499 is divided by 69?
16
Calculate the remainder when 112 is divided by 33.
13
What is the remainder when 831 is divided by 7?
5
What is the remainder when 469 is divided by 69?
55
Calculate the remainder when 830 is divided by 498.
332
What is the remainder when 1928 is divided by 640?
8
What is the remainder when 72 is divided by 5?
2
What is the remainder when 1746 is divided by 50?
46
Calculate the remainder when 463 is divided by 77.
1
Calculate the remainder when 855 is divided by 22.
19
Calculate the remainder when 781 is divided by 266.
249
What is the remainder when 52 is divided by 12?
4
What is the remainder when 1484 is divided by 55?
54
What is the remainder when 144 is divided by 80?
64
Calculate the remainder when 1169 is divided by 312.
233
What is the remainder when 584 is divided by 196?
192
Calculate the remainder when 320 is divided by 154.
12
Calculate the remainder when 4521 is divided by 4515.
6
Calculate the remainder when 182 is divided by 19.
11
What is the remainder when 5794 is divided by 34?
14
Calculate the remainder when 2960 is divided by 25.
10
What is the remainder when 806 is divided by 162?
158
What is the remainder when 452 is divided by 24?
20
Calculate the remainder when 128 is divided by 22.
18
What is the remainder when 667 is divided by 222?
1
What is the remainder when 1111 is divided by 51?
40
What is the remainder when 3712 is divided by 415?
392
What is the remainder when 1583 is divided by 196?
15
What is the remainder when 3715 is divided by 112?
19
Calculate the remainder when 1640 is divided by 19.
6
What is the remainder when 544 is divided by 54?
4
What is the remainder when 551 is divided by 6?
5
What is the remainder when 51839 is divided by 26?
21
Calculate the remainder when 96 is divided by 14.
12
What is the remainder when 5107 